 0, 4*x + 0*x - 4*i - 52 = 0. What is the units digit of x?
6
Suppose t - 20 = -4*t. Let x(r) = -4*r + r**2 + r**2 + r**2 - r**2 - 5. What is the tens digit of x(t)?
1
Let u = 1 + -12. Let v = 5 - u. What is the tens digit of v?
1
Let u(j) = -2*j**2 - 1 + j**3 + 3*j - 1 + 0*j**3. Let n be u(2). Suppose 12 = 4*d, 5*x + n*d - 10 - 22 = 0. What is the units digit of x?
4
Suppose -4*b - 2*v = 0, 0 = -2*b + 2*v + 2 - 8. Let h = 0 - b. What is the units digit of h?
1
Suppose 0 = 5*b + 7*l - 3*l - 19, 5*l - 8 = -b. Suppose 5*g - b = -18. Let c = 6 + g. What is the units digit of c?
3
Suppose -232 = -4*u + x, 4*x + x = 20. What is the tens digit of u?
5
Suppose -5*b + 72 = 312. What is the units digit of (1/(-2))/(8/b)?
3
Let b be (168/(-49))/(2/(-21)). What is the units digit of 158/12 - 6/b?
3
Let w(i) = -5*i**3 + i**2 - 2*i - 4. What is the tens digit of w(-3)?
4
What is the tens digit of (-6)/45*-438 + (-6)/(-10)?
5
Let s = 119 + 92. What is the hundreds digit of s?
2
Let f = -28 + 31. What is the units digit of f?
3
Let a(d) = -d**2 - 7*d - 2. Let y be a(-6). Let p = 8 - y. Suppose 5*g - 35 = -5*v, 2*v - p*g - 4 = -g. What is the units digit of v?
5
Suppose -2*l + l + 27 = 5*b, -4*b = -l - 18. Suppose -l*n = -n - 5*g - 18, -3*n - g - 10 = 0. What is the tens digit of 14 + n + 2 + -4?
1
Let b(x) = -x**3 + 7*x**2 - x + 10. Let u be b(7). Suppose 0*w + 21 = u*w. What is the units digit of w?
7
Let j = -54 - -117. What is the tens digit of j?
6
Let s be 0*(-1)/3 + 0. Let b = 5 - s. Suppose 4*m - 4*r + 8 = -0*r, b*m - 4*r + 7 = 0. What is the units digit of m?
1
Let f be 58/(5 - 3)*1. Suppose -k + f = 10. What is the tens digit of k?
1
Suppose 0 = 2*s + 3*t - 3 - 7, -4*s - 3*t + 14 = 0. Suppose -3 = 4*x - 5*v + 4, 3*x - 2*v = 0. Suppose x*h = 16 + s. What is the units digit of h?
9
Suppose 0*d - 9 = -3*o + 3*d, -5*d + 3 = o. Suppose 2*h - 28 = -2*s, -26 = -o*s - h + 16. What is the units digit of s?
4
Suppose -4*z + 575 = -3*t, 5 = 4*z + 4*t - 535. What is the tens digit of z?
4
Suppose 4*j = -0*p + 3*p + 64, 4*j - 60 = 4*p. Let y = j - 9. What is the units digit of y?
0
Let d = 7 - 5. Suppose d*g = -5*x + 87, x - 129 = -g - 3*g. What is the units digit of g?
1
Let n = -139 - -286. What is the tens digit of n?
4
Let i(j) = j**3 + 12*j**2 + 9*j + 14. What is the units digit of i(-10)?
4
Suppose -4*t = 2*a - 14, -a = -t - 0*t + 8. Suppose t*w = 102 - 12. What is the units digit of w?
8
Let w be (-69)/(3/2 - 3). Let z = 106 - w. What is the tens digit of z?
6
Let p be 1 + (2 + 0 - 2). Let y be (-35)/(-15) + p/(-3). Suppose 3*b - 5 = -y*b. What is the units digit of b?
1
Suppose -4*f - 5 = -5*f. Suppose -4*y = -y + 3*k - 45, -60 = -f*y - 2*k. What is the units digit of y?
0
Let q = 8 + -5. Suppose 0 = q*k - k - 20. What is the tens digit of k?
1
Let g(f) = -2*f**3 - 8*f**2 + 7*f - 1. Let s = 2 + -5. Let u(o) = -o**3 - 1. Let h(b) = s*u(b) + g(b). What is the units digit of h(7)?
2
Let b be -1 + 1 + 0 - 0. Let m be (1 - (b - 2)) + -1. Suppose y - 5 = -m*g, 3*g + 31 = 2*y + 2*y. What is the units digit of y?
7
Suppose 0 = 2*a - a - 4. What is the units digit of 1/4 + 31/a?
8
Suppose -4*t = 4*m - 4 - 8, 4*m = -t + 18. Suppose 5*j - 11 = -m*i + 9, -j = -i. What is the units digit of i?
2
What is the tens digit of (-11)/55 + (-262)/(-10)?
2
Suppose 10 = -4*z + 278. What is the units digit of z?
7
Let w(j) = -20*j**3 + 3*j**2 + 3*j - 2. What is the hundreds digit of w(-2)?
1
Suppose 3*p = -w + 6, 6 = 3*p - 3*w - 0. Suppose 0 = -2*h + 2*d + 4, 3*h - h - 5*d - 4 = 0. Suppose -h*c = p*n - 6, 0 = 2*n - 4. What is the units digit of c?
1
Let m be (-101)/(-11) + 8/(-44). Suppose 2*d = r - m, 0 = -5*r + r + d + 22. Let k = -3 + r. What is the units digit of k?
2
Let j = 4 + -1. What is the units digit of 20/15 + (-1)/j?
1
Let x(z) = 2*z**3 + 4*z**2 + z - 2. Let a be x(-2). Let h = 22 + a. What is the tens digit of h?
1
Suppose -3*h = 6*h - 1305. What is the tens digit of h?
4
Suppose 5 = -2*g + 13. Suppose -3*r - 2*i + 10 = -g*r, -2*r - i = 10. Let s = 2 - r. What is the units digit of s?
8
Let j(f) = f**3 + 3*f**2 - 8*f - 5. Let z be j(-7). Let k be z/(-7) - 6/(-21). Suppose 4*g - k = 2*h - 3, 4*g - 39 = -5*h. What is the units digit of g?
6
Let s(c) = -2*c**3 + 2*c**2 - 1. Let a(h) = -h**3 + 5*h**2 - 6*h + 6. Let j be a(4). Let u be 14/(-10) + j/(-5). What is the units digit of s(u)?
3
Suppose 9*b + 6 = 87. What is the units digit of b?
9
Let p(t) = -3*t. Let o be p(-5). Suppose -3*a + 21 + o = 0. What is the tens digit of a?
1
Suppose -4 = -2*u, j - 2*u + u - 1 = 0. Suppose i - j*i = -p - 1, -p - 4*i = -17. What is the units digit of p?
5
Suppose -f + 76 = 3*f + 4*s, 0 = -2*f - s + 41. What is the tens digit of f?
2
Let l(r) = 45*r**3 + 1. What is the tens digit of l(1)?
4
Suppose -3*q + 35 = 4*a - 52, 3*a - 116 = -4*q. What is the tens digit of q?
2
What is the units digit of (-4)/(-26) + -2*1816/(-52)?
0
Suppose 0 = 3*i + 3*c - 354, 0 = i - 3*c + 2*c - 116. What is the tens digit of i?
1
Suppose -k - 34 + 6 = -i, k - 5*i + 48 = 0. What is the tens digit of k*(1 + -3 - 0)?
4
Let f = 76 + 86. What is the units digit of f?
2
Suppose -2*c - 2*z = -14, 5*z = -19 - 1. Let t(b) = b**2 - 9*b - 3. What is the units digit of t(c)?
9
Suppose h - 4 = -0*h. Suppose -6*q + d = -h*q - 29, 0 = -q + d + 16. What is the tens digit of q?
1
Let o = -11 + 15. Suppose 0 = -v - y + 1 - 0, -o*y = -5*v + 41. What is the units digit of (6 + -1)*(-4 + v)?
5
What is the units digit of 199/4*((-25)/(-5) - 1)?
9
What is the tens digit of (-2)/2*(2 - 49)?
4
What is the tens digit of -7*((-117)/7 - 3)?
3
Suppose -2*o + 225 = -3*m + 23, 91 = o + m. What is the units digit of o?
5
Let q(h) = -4*h + 6. Let y be q(4). Let b = y + 17. What is the units digit of b?
7
Let s be (4 - -1) + -5 + 2. What is the tens digit of (s - 1) + 0 + 27?
2
Let a(f) = -f**3 - 13*f**2 + 12*f - 5. What is the tens digit of a(-14)?
2
Suppose -215 = -4*y - 5*u, -5*y = -u + 69 - 316. Suppose -12 = -2*r - 2*r. Suppose 2*g + 4*h = 26, y + 16 = r*g - 3*h. What is the tens digit of g?
1
Let i(u) = -u - 6. Let l be i(-6). What is the tens digit of 27/(-9) - (-13 + l)?
1
Let l = -51 + 93. What is the tens digit of l?
4
Let v(h) = 6*h**2 + 4*h + 10. What is the hundreds digit of v(5)?
1
Let n be 2/(-3)*-48 + -1. Suppose -z + n = 2*r, 14 - 55 = -2*z + 3*r. What is the units digit of z/4 + (-1)/4?
6
What is the units digit of (2/(-4))/(1/(-80))?
0
Suppose -n + 5 - 2 = 0. Suppose -29 = -3*z - i, -n*z + 21 = -5*i + 2*i. What is the units digit of z?
9
Let a(z) = 9*z**2 + 2*z + 2. What is the units digit of a(-1)?
9
Suppose 6 = 2*s + 2. Suppose s*z + 0 + 2 = 0. What is the units digit of 11 + 6/(z + -2)?
9
Let h = -31 - -53. What is the units digit of h?
2
Let d = -99 - -182. What is the units digit of d?
3
Let j(d) = -17*d**3 - d**2. What is the tens digit of j(-1)?
1
Suppose -4*n + 6*a - a + 17 = 0, 2*n - 5*a = 11. Let c = 3 - n. Suppose -2*h - 2*h + 24 = c. What is the units digit of h?
6
What is the units digit of (-520)/(-4) + (-2 - 2)?
6
Let l = 5 - -2. Let h(t) = 4*t + 11. What is the units digit of h(l)?
9
Let p = 169 + -40. What is the tens digit of p?
2
Let v = -6 + 5. Let o = v + -1. What is the tens digit of (13/2)/((-1)/o)?
1
Suppose -5*q + 35 = -a, 0*a + 4*a = -2*q - 8. Suppose -w = -q - 1. What is the units digit of w?
7
Let v = 3 + -1. Suppose v*p = -l - 35, -60 = -p + 5*p + 4*l. What is the units digit of (p/(-25))/(1/20)?
6
Suppose 8*x + 18 = 9*x. What is the tens digit of x?
1
Suppose -h = 2 + 2. What is the units digit of 1/(-4) + (-13)/h?
3
Let v(f) = f**3 - 7*f**2 - f + 4. Let o be v(7). Let s be (1*0/o)/(-2). What is the units digit of 2 + (1 - (-2 + s))?
5
Suppose -8*o + 5*o = -138. What is the units digit of o?
6
Suppose -15 = -5*c, 2*x + 0*x - 4*c = 54. What is the units digit of x?
3
Suppose 10 + 17 = -3*p. Let r be 18/(-15)*30/p. Suppose 2 = -2*t + r*q, -4 = 3*t - q - 16. What is the units digit of t?
5
Suppose -n + 4 - 1 = 0. Suppose -p = 5*g - 24, g + 3*g - 23 = 3*p. Suppose k = -n + g. What is the units digit of k?
2
Suppose -x + 9 = -0*x. What is the units digit of x?
9
Let n(p) = -2*p + 2. Let k be n(3). Let i = k + 16. What is the units digit of i?
2
What is the hundreds digit of 84/798 - (-10940